{"id":53,"date":"2013-04-12T01:07:40","date_gmt":"2013-04-11T23:07:40","guid":{"rendered":"http:\/\/psychose-seminar-elmshorn.de\/?page_id=53"},"modified":"2015-10-21T23:26:57","modified_gmt":"2015-10-21T21:26:57","slug":"beratung-und-fortbildungsangebote","status":"publish","type":"page","link":"https:\/\/psychose-seminar-elmshorn.de\/?page_id=53","title":{"rendered":"Beratung und Fortbildungsangebote"},"content":{"rendered":"<p style=\"text-align: left;\"><span style=\"text-decoration: underline;\">Ansprechpartner<\/span>:\u00a0Miriam Kunkel \/ Ingo Ulzhoefer<\/p>\n<p>Die \u201eIrre-menschlich\u201c-Gruppe des Kreis Pinneberg hat seit ihrer Entstehung etliche Beratungen, auch in Form einer Fortbildung, f\u00fcr verschiedenste Menschen, die mit psychischen Erkrankungen in Ber\u00fchrung kommen, angeboten und durchgef\u00fchrt.<\/p>\n<p>Angeboten werden au\u00dferdem Beratung und Fortbildung von Fachleuten, Betroffenen und Angeh\u00f6rigen sowie Peer-Beratung und -Begleitung (seit 2007 nach Bedarf).<\/p>\n<p>Kontaktm\u00f6glichkeiten finden Sie <a title=\"Kontakt\" href=\"https:\/\/psychose-seminar-elmshorn.de\/?page_id=14\">-&gt; hier<\/a>.<\/p>\n","protected":false},"excerpt":{"rendered":"<p>Ansprechpartner:\u00a0Miriam Kunkel \/ Ingo Ulzhoefer Die \u201eIrre-menschlich\u201c-Gruppe des Kreis Pinneberg hat seit ihrer Entstehung etliche Beratungen, auch in Form einer Fortbildung, f\u00fcr verschiedenste Menschen, die mit psychischen Erkrankungen in Ber\u00fchrung kommen, angeboten und durchgef\u00fchrt. Angeboten werden au\u00dferdem Beratung und Fortbildung &hellip; <a href=\"https:\/\/psychose-seminar-elmshorn.de\/?page_id=53\">Weiterlesen <span class=\"meta-nav\">&rarr;<\/span><\/a><\/p>\n","protected":false},"author":1,"featured_media":0,"parent":17,"menu_order":0,"comment_status":"closed","ping_status":"open","template":"sidebar-page.php","meta":{"footnotes":""},"class_list":["post-53","page","type-page","status-publish","hentry"],"_links":{"self":[{"href":"https:\/\/psychose-seminar-elmshorn.de\/index.php?rest_route=\/wp\/v2\/pages\/53","targetHints":{"allow":["GET"]}}],"collection":[{"href":"https:\/\/psychose-seminar-elmshorn.de\/index.php?rest_route=\/wp\/v2\/pages"}],"about":[{"href":"https:\/\/psychose-seminar-elmshorn.de\/index.php?rest_route=\/wp\/v2\/types\/page"}],"author":[{"embeddable":true,"href":"https:\/\/psychose-seminar-elmshorn.de\/index.php?rest_route=\/wp\/v2\/users\/1"}],"replies":[{"embeddable":true,"href":"https:\/\/psychose-seminar-elmshorn.de\/index.php?rest_route=%2Fwp%2Fv2%2Fcomments&post=53"}],"version-history":[{"count":12,"href":"https:\/\/psychose-seminar-elmshorn.de\/index.php?rest_route=\/wp\/v2\/pages\/53\/revisions"}],"predecessor-version":[{"id":899,"href":"https:\/\/psychose-seminar-elmshorn.de\/index.php?rest_route=\/wp\/v2\/pages\/53\/revisions\/899"}],"up":[{"embeddable":true,"href":"https:\/\/psychose-seminar-elmshorn.de\/index.php?rest_route=\/wp\/v2\/pages\/17"}],"wp:attachment":[{"href":"https:\/\/psychose-seminar-elmshorn.de\/index.php?rest_route=%2Fwp%2Fv2%2Fmedia&parent=53"}],"curies":[{"name":"wp","href":"https:\/\/api.w.org\/{rel}","templated":true}]}}