{"id":17,"date":"2013-04-05T20:35:52","date_gmt":"2013-04-05T20:35:52","guid":{"rendered":"http:\/\/psychose-seminar-elmshorn.de\/?page_id=17"},"modified":"2017-09-03T18:12:42","modified_gmt":"2017-09-03T16:12:42","slug":"irre-menschlich","status":"publish","type":"page","link":"https:\/\/psychose-seminar-elmshorn.de\/?page_id=17","title":{"rendered":"Irre menschlich"},"content":{"rendered":"<p style=\"text-align: left;\" align=\"center\"><strong>Projekte der \u201eIrre menschlich\u201c-Gruppe im Kreis Pinneberg<\/strong><\/p>\n<p style=\"text-align: left;\" align=\"center\">Unter dem Arbeitstitel \u201eIrre menschlich\u201c hat eine Gruppe von Ex-Inler\/innen 2007 (initiiert, unterst\u00fctzt und gef\u00f6rdert von dem damaligen Regionalleiter der <a href=\"http:\/\/elmshorn.bruecke-sh.de\" target=\"_blank\" rel=\"noopener\">-&gt; Br\u00fccke Schleswig-Holstein gGmbH\u00a0im Kreis Pinneberg<\/a>) verschiedenste Projekte ins Leben gerufen, um einen aktiven Beitrag zur Antistigma-Arbeit im Kreis Pinneberg zu leisten. Aus der Entstehung heraus hat sich die Gruppe immer als \u201eKind\u201c der <a href=\"http:\/\/elmshorn.bruecke-sh.de\" target=\"_blank\" rel=\"noopener\">-&gt; Br\u00fccke Schleswig-Holstein gGmbH<\/a> verstanden; einzelne Mitglieder sind bis heute mit ihr verbunden. Als weiterer Unterst\u00fctzer kam 2013 der Verein <a href=\"http:\/\/www.brueckeelmshorn.de\" target=\"_blank\" rel=\"noopener\">-&gt; Br\u00fccke Elmshorn e. V.<\/a> hinzu. Vorbild der Gruppe war der Verein <a href=\"http:\/\/www.irremenschlich.de\" target=\"_blank\" rel=\"noopener\">-&gt; Irre menschlich Hamburg e. V.<\/a><\/p>\n<p style=\"text-align: left;\" align=\"center\">Unter der Leitung von Miriam Kunkel wurden in regelm\u00e4\u00dfigen Arbeitstreffen der &#8222;Irre menschlich&#8220;-Gruppe\u00a0die bestehenden Projekte geplant, vorbereitet und weiter entwickelt. Zudem fand eine regelm\u00e4\u00dfige Reflektion und kollegiale Beratung zu den durchgef\u00fchrten Aktionen statt. Kooperationen mit anderen Tr\u00e4gern \/ Personen waren ein wichtiger Bestandteil der Arbeit, ebenso wie eine informative \u00d6ffentlichkeitsarbeit.<\/p>\n<p style=\"text-align: left;\" align=\"center\">Bis 2014 war die Gruppe weiter unter dem Titel &#8222;Irre menschlich im Kreis Pinneberg&#8220; aktiv. 2014 l\u00f6ste die Gruppe sich dann als feste Arbeitseinheit auf, da einige Mitglieder berufst\u00e4tig wurden und andere wegzogen.<\/p>\n<p style=\"text-align: left;\" align=\"center\">Nach wie vor veranstalten einzelne Mitglieder in Teilprojekten Aktionen und Veranstaltungen im Sinne von &#8222;Irre menschlich&#8220; mit den verschiedenen bereits vorhandenen Kooperationspartnern. Getragen werden diese Projekte weiterhin in der Hauptsache durch <a href=\"http:\/\/elmshorn.bruecke-sh.de\" target=\"_blank\" rel=\"noopener\">-&gt; Br\u00fccke Schleswig-Holstein gGmbH<\/a>.<\/p>\n<p style=\"text-align: left;\" align=\"center\"><em><u>AnsprechpartnerInnen<\/u>\u00a0sind Miriam Kunkel und Ingo Ulzhoefer (weitere AnsprechpartnerInnen siehe unter den jeweiligen Projekten).<\/em><\/p>\n<p style=\"text-align: left;\" align=\"center\"><b>Im Folgenden sind die einzelnen Projekte der &#8222;Irre menschlich im Kreis Pinneberg&#8220;-Gruppe aufgef\u00fchrt:<\/b><\/p>\n<ol>\n<li>Beratung und Fortbildung von Fachleuten \/ Betroffenen und Angeh\u00f6rigen;\u00a0Peer-Beratung und\u00a0-Begleitung<\/li>\n<li>Psychose-Seminar Elmshorn<\/li>\n<li>Schulprojekte (Pr\u00e4vention\/Information)<\/li>\n<li>Filmforum &#8222;Psychiatrie im Film&#8220; Elmshorn<\/li>\n<li>Psychiatrische Welten (VHS)<\/li>\n<li>Fr\u00fchst\u00fccksgruppe<\/li>\n<li>AK Antistigma-Arbeit in der Region Elmshorn \/ Pinneberg<\/li>\n<\/ol>\n","protected":false},"excerpt":{"rendered":"<p>Projekte der \u201eIrre menschlich\u201c-Gruppe im Kreis Pinneberg Unter dem Arbeitstitel \u201eIrre menschlich\u201c hat eine Gruppe von Ex-Inler\/innen 2007 (initiiert, unterst\u00fctzt und gef\u00f6rdert von dem damaligen Regionalleiter der -&gt; Br\u00fccke Schleswig-Holstein gGmbH\u00a0im Kreis Pinneberg) verschiedenste Projekte ins Leben gerufen, um einen &hellip; <a href=\"https:\/\/psychose-seminar-elmshorn.de\/?page_id=17\">Weiterlesen <span class=\"meta-nav\">&rarr;<\/span><\/a><\/p>\n","protected":false},"author":1,"featured_media":0,"parent":0,"menu_order":2,"comment_status":"closed","ping_status":"closed","template":"sidebar-page.php","meta":{"footnotes":""},"class_list":["post-17","page","type-page","status-publish","hentry"],"_links":{"self":[{"href":"https:\/\/psychose-seminar-elmshorn.de\/index.php?rest_route=\/wp\/v2\/pages\/17","targetHints":{"allow":["GET"]}}],"collection":[{"href":"https:\/\/psychose-seminar-elmshorn.de\/index.php?rest_route=\/wp\/v2\/pages"}],"about":[{"href":"https:\/\/psychose-seminar-elmshorn.de\/index.php?rest_route=\/wp\/v2\/types\/page"}],"author":[{"embeddable":true,"href":"https:\/\/psychose-seminar-elmshorn.de\/index.php?rest_route=\/wp\/v2\/users\/1"}],"replies":[{"embeddable":true,"href":"https:\/\/psychose-seminar-elmshorn.de\/index.php?rest_route=%2Fwp%2Fv2%2Fcomments&post=17"}],"version-history":[{"count":22,"href":"https:\/\/psychose-seminar-elmshorn.de\/index.php?rest_route=\/wp\/v2\/pages\/17\/revisions"}],"predecessor-version":[{"id":1155,"href":"https:\/\/psychose-seminar-elmshorn.de\/index.php?rest_route=\/wp\/v2\/pages\/17\/revisions\/1155"}],"wp:attachment":[{"href":"https:\/\/psychose-seminar-elmshorn.de\/index.php?rest_route=%2Fwp%2Fv2%2Fmedia&parent=17"}],"curies":[{"name":"wp","href":"https:\/\/api.w.org\/{rel}","templated":true}]}}