{"id":14,"date":"2013-04-05T20:29:37","date_gmt":"2013-04-05T20:29:37","guid":{"rendered":"http:\/\/psychose-seminar-elmshorn.de\/?page_id=14"},"modified":"2017-09-03T18:23:52","modified_gmt":"2017-09-03T16:23:52","slug":"kontakt","status":"publish","type":"page","link":"https:\/\/psychose-seminar-elmshorn.de\/?page_id=14","title":{"rendered":"Kontakt"},"content":{"rendered":"<p>Sie k\u00f6nnen uns auf vielf\u00e4ltige Weise erreichen, wenn Sie wollen &#8230; Kontaktm\u00f6glichkeiten gibt es pers\u00f6nlich, telefonisch, per eMail oder per Post.<\/p>\n<ul>\n<li>Am besten treffen Sie uns nat\u00fcrlich<strong> pers\u00f6nlich<\/strong>. Das k\u00f6nnen Sie z. B. im Rahmen des monatlich stattfindenden Psychose-Seminars in Elmshorn tun! Kommen Sie einfach vorbei und sprechen uns an. Wir freuen uns auf Sie! Das Seminar findet an jedem 2. Mittwoch im Monat in der Zeit von 18 bis 20 Uhr im Info-Treff des Flora-Gesundheitszentrums in der Schulstra\u00dfe 46-50 in Elmshorn statt (weiterf\u00fchrende Infos <a href=\"https:\/\/psychose-seminar-elmshorn.de\/?page_id=16\">hier<\/a>). Den n\u00e4chsten Termin, inklusive Thema, erfahren\u00a0Sie\u00a0<a title=\"Startseite von psychose-seminar-elmshorn.de\" href=\"\/\">hier auf der Startseite<\/a>.<\/li>\n<li><strong>Telefonisch<\/strong> k\u00f6nnen Sie uns \u00fcber Miriam Kunkel unter der Telefonnummer 04121-266 05 75 erreichen.<\/li>\n<li>Per <strong>eMail<\/strong> sind wir \u00fcber die Adresse\u00a0<a href=\"mailto:info@psychose-seminar-elmshorn.de\">info@psychose-seminar-elmshorn.de<\/a>\u00a0schnell und zuverl\u00e4ssig erreichbar.<\/li>\n<\/ul>\n","protected":false},"excerpt":{"rendered":"<p>Sie k\u00f6nnen uns auf vielf\u00e4ltige Weise erreichen, wenn Sie wollen &#8230; Kontaktm\u00f6glichkeiten gibt es pers\u00f6nlich, telefonisch, per eMail oder per Post. Am besten treffen Sie uns nat\u00fcrlich pers\u00f6nlich. Das k\u00f6nnen Sie z. B. im Rahmen des monatlich stattfindenden Psychose-Seminars in &hellip; <a href=\"https:\/\/psychose-seminar-elmshorn.de\/?page_id=14\">Weiterlesen <span class=\"meta-nav\">&rarr;<\/span><\/a><\/p>\n","protected":false},"author":1,"featured_media":0,"parent":0,"menu_order":6,"comment_status":"closed","ping_status":"closed","template":"sidebar-page.php","meta":{"footnotes":""},"class_list":["post-14","page","type-page","status-publish","hentry"],"_links":{"self":[{"href":"https:\/\/psychose-seminar-elmshorn.de\/index.php?rest_route=\/wp\/v2\/pages\/14","targetHints":{"allow":["GET"]}}],"collection":[{"href":"https:\/\/psychose-seminar-elmshorn.de\/index.php?rest_route=\/wp\/v2\/pages"}],"about":[{"href":"https:\/\/psychose-seminar-elmshorn.de\/index.php?rest_route=\/wp\/v2\/types\/page"}],"author":[{"embeddable":true,"href":"https:\/\/psychose-seminar-elmshorn.de\/index.php?rest_route=\/wp\/v2\/users\/1"}],"replies":[{"embeddable":true,"href":"https:\/\/psychose-seminar-elmshorn.de\/index.php?rest_route=%2Fwp%2Fv2%2Fcomments&post=14"}],"version-history":[{"count":15,"href":"https:\/\/psychose-seminar-elmshorn.de\/index.php?rest_route=\/wp\/v2\/pages\/14\/revisions"}],"predecessor-version":[{"id":1165,"href":"https:\/\/psychose-seminar-elmshorn.de\/index.php?rest_route=\/wp\/v2\/pages\/14\/revisions\/1165"}],"wp:attachment":[{"href":"https:\/\/psychose-seminar-elmshorn.de\/index.php?rest_route=%2Fwp%2Fv2%2Fmedia&parent=14"}],"curies":[{"name":"wp","href":"https:\/\/api.w.org\/{rel}","templated":true}]}}